 d35?
-1062
In base 9, what is 47370 + 10?
47380
In base 3, what is 1102 + 1112020100?
1112021202
In base 6, what is 3 - 114332?
-114325
In base 11, what is 157 + 231?
388
In base 9, what is 4 - -61423?
61427
In base 7, what is -624264 - 2?
-624266
In base 13, what is 69c3cb + -2?
69c3c9
In base 3, what is 10202010112 + 211?
10202011100
In base 11, what is 7050 + -3?
7048
In base 6, what is 11132454 - 3?
11132451
In base 3, what is 2102222 + 121?
2110120
In base 11, what is 1993 - -1560?
3443
In base 7, what is 0 + 2226405?
2226405
In base 11, what is -3 - -2402a?
24027
In base 10, what is -3 + 133933?
133930
In base 13, what is 5 + c8484?
c8489
In base 7, what is -124 - -10?
-114
In base 5, what is 2242 + -114022?
-111230
In base 9, what is -40861 - -34?
-40826
In base 14, what is -1647b + 15?
-16466
In base 9, what is 62 + 145614?
145676
In base 13, what is 3a + b38?
b75
In base 7, what is 34 - 2632?
-2565
In base 5, what is 33 + 130?
213
In base 3, what is -22012001020011 - -12?
-22012001012222
In base 6, what is 10225300 - 0?
10225300
In base 8, what is -1141 - 55?
-1216
In base 14, what is -27145 - -5?
-27140
In base 13, what is -7a - -377?
2ca
In base 4, what is 100021033 - 3?
100021030
In base 6, what is -4 + -501224?
-501232
In base 6, what is -152443044 + 4?
-152443040
In base 15, what is -9a4d6 - -4?
-9a4d2
In base 9, what is -7 + -143875?
-143883
In base 4, what is -121320023300 - 3?
-121320023303
In base 12, what is -22 + 106?
a4
In base 7, what is -10114 - 462?
-10606
In base 14, what is 5b2322 - 0?
5b2322
In base 16, what is -2f7 + -306?
-5fd
In base 4, what is -1 + 300233132?
300233131
In base 6, what is -544 + 23454?
22510
In base 14, what is 36d86 - -1?
36d87
In base 6, what is 5 + -4100?
-4051
In base 2, what is -11110011000000101010 + -1?
-11110011000000101011
In base 6, what is 2 - -210024?
210030
In base 4, what is -12011 - 20300?
-32311
In base 14, what is -4 + bb56?
bb52
In base 5, what is 2312104 - 10?
2312044
In base 2, what is -1 + 11001100101110?
11001100101101
In base 10, what is -93 - 29?
-122
In base 7, what is -5 - 264620?
-264625
In base 11, what is -965210 + -4?
-965214
In base 12, what is -3 + -4456?
-4459
In base 2, what is 10000111010 + 111?
10001000001
In base 15, what is 1112 - 46?
10bb
In base 3, what is 211000221 + 21?
211001012
In base 3, what is 100221212 - -21221?
101020210
In base 7, what is 614361 + -2?
614356
In base 7, what is 44646 - 306?
44340
In base 11, what is -5 + -337973?
-337978
In base 4, what is 30 - -232303?
232333
In base 13, what is -a - -3909?
38cc
In base 13, what is -174a - 3?
-1750
In base 8, what is -136753 - 4?
-136757
In base 16, what is -12 + -336?
-348
In base 16, what is -2 + -ea653?
-ea655
In base 14, what is 2642 + 6a?
26ac
In base 5, what is -132202010 - 3?
-132202013
In base 6, what is 0 + -210303?
-210303
In base 5, what is -1 + 1312130?
1312124
In base 12, what is -729 - -227?
-502
In base 2, what is 1000111001100 - 1001100?
1000110000000
In base 11, what is 369 + 1237?
15a5
In base 8, what is -151 + 36121?
35750
In base 11, what is 5 + -300005?
-300000
In base 4, what is -102332333 + 0?
-102332333
In base 13, what is 300c4 - -1?
300c5
In base 6, what is 3051505 - -12?
3051521
In base 10, what is 108905 - 3?
108902
In base 2, what is 11 - -10100100110010011101?
10100100110010100000
In base 12, what is -895 - -17?
-87a
In base 3, what is -11002222 + -22?
-11010021
In base 15, what is -2 + a2153?
a2151
In base 6, what is -1231044 + -10?
-1231054
In base 6, what is 203 - 1011024?
-1010421
In base 6, what is -4213 + 14?
-4155
In base 10, what is -298850 + 11?
-298839
In base 3, what is -1221 + -11201?
-20122
In base 8, what is 44332 - -2?
44334
In base 3, what is 212200001 + -11?
212122220
In base 10, what is -52 - 7266?
-7318
In base 3, what is -12012100220 - 11?
-12012101001
In base 5, what is 4 + -1040213?
-1040204
In base 12, what is 7059 + -26?
7033
In base 4, what is 2030 + 3102?
11132
In base 4, what is -1002312 - 11?
-1002323
In base 5, what is -130132 + 2313?
-122314
In base 6, what is 40 - -213?
253
In base 9, what is -45022 + -2?
-45024
In base 13, what is -55498 + -1?
-55499
In base 7, what is -1011 + 204?
-504
In base 13, what is -28c91 + 13?
-28c7b
In base 15, what is -3 + 407d?
407a
In base 8, what is -4410 + -51?
-4461
In base 4, what is -213013012 - 103?
-213013121
In base 7, what is -131 - 61155?
-61316
In base 8, what is 2064 + 734?
3020
In base 7, what is -21360 - -5?
-21352
In base 9, what is -5 + -36505?
-36511
In base 8, what is -35174 + 0?
-35174
In base 5, what is -4233 - 3100?
-12333
In base 5, what is -2402022 + -4?
-2402031
In base 15, what is -5e8d + 1c?
-5e71
In base 13, what is 564 + -71?
4c3
In base 14, what is 177b6a - 5?
177b65
In base 8, what is -2043 - 14?
-2057
In base 5, what is -33 + 1401?
1313
In base 15, what is 6d + 292?
310
In base 7, what is -141 + 5504?
5333
In base 11, what is 4339 + 51?
438a
In base 11, what is 48 - -140?
188
In base 7, what is 64161052 - 3?
64161046
In base 7, what is -2213052 + -13?
-2213065
In base 14, what is -9962 - 0?
-9962
In base 7, what is 364334 - -44?
364411
In base 4, what is -101 + -32201321?
-32202022
In base 4, what is -11 - 330022232?
-330022303
In base 13, what is -280 + -25?
-2a5
In base 7, what is 10615 + -21?
10564
In base 2, what is 1111000111110001000 + 0?
1111000111110001000
In base 4, what is 2323 - 121?
2202
In base 12, what is 2 - 5636?
-5634
In base 11, what is 2 + -106343?
-106341
In base 6, what is -1 - 142034?
-142035
In base 6, what is -3034 + -2?
-3040
In base 15, what is 72a3 - -6?
72a9
In base 9, what is -2 + -1076657?
-1076660
In base 5, what is -22 - 1023012?
-1023034
In base 13, what is -10 - 968?
-978
In base 16, what is 2 - -11732?
11734
In base 14, what is 108 + -4d?
99
In base 13, what is 0 + 16603a?
16603a
In base 14, what is -3 - -42719?
42716
In base 13, what is b9 - -2440?
2529
In base 5, what is 43 - -10131?
10224
In base 13, what is 1 - -554c?
5550
In base 16, what is -27121 + -5?
-27126
In base 14, what is 54 + -28cc?
-2878
In base 10, what is -21 - 14426?
-14447
In base 5, what is 32313331 + -10?
32313321
In base 4, what is 10100322 + -10?
10100312
In base 3, what is 1100120 + 2022?
1102212
In base 4, what is 0 + 310021332?
310021332
In base 11, what is -15 + -2a069?
-2a083
In base 7, what is -4 - 206306?
-206313
In base 3, what is -12 - -1221002001?
1221001212
In base 2, what is 1010000101000001010111 - 0?
1010000101000001010111
In base 11, what is -40027 + -2?
-40029
In base 4, what is -22 + 2030200?
2030112
In base 3, what is 10 - -22102011?
22102021
In base 12, what is -5 - -184bba?
184bb5
In base 11, what is -9 - 325a?
-3268
In base 15, what is 75 + -2c?
48
In base 5, what is 14442 - 33300?
-13303
In base 10, what is -18 + 1218?
1200
In base 14, what is -534d + 8?
-5345
In base 4, what is -233031232 + 11?
-233031221
In base 12, what is 65992 - -1?
65993
In base 15, what is -44a1 + 1?
-44a0
In base 12, what is 3aa + -321?
89
In base 10, what is 17537 - 330?
17207
In base 8, what is 25263 - 10?
25253
In base 7, what is -401 - -466?
65
In base 14, what is 1037 - 104?
d33
In base 14, what is -d31 - -8?
-d27
In base 12, what is -2a + -89b?
-909
In base 12, what is 3 + -18a12?
-18a0b
In base 9, what is 20126 + -21?
20105
In base 16, what is 266 - 1b?
24b
In base 10, what is -3 + -798156?
-798159
In base 15, what is 7 + -6d622?
-6d61a
In base 12, what is -b32 + -3?
-b35
In base 8, what is 4 + -1556166?
-1556162
In base 12, what is -9 + -1b4528?
-1b4535
In base 12, what is 1457979 - -1?
145797a
In base 10, what is 1088 - 424?
664
In base 4, what is 113323 - -110?
120033
In base 11, what is 5 - 138a?
-1385
In base 11, what is -a335 - 10?
-a345
In base 10, what is 31 - -4934?
4965
In base 3, what is 2 + 112111102122?
112111102201
In base 4, what is 2320312 - 1?
2320311
In base 6, what is 112332 - 353?
111535
In base 6, what is -10322201 - -4?
-10322153
In base 8, what is -1450 + -267?
-1737
In base 8, what is -444 - -134?
-310
In base 3, what is -2 + 1011101121?
1011101112
In base 6, what is -1 + 10512035?
10512034
In base 9, what is 134417 + 7?
134425
In base 4, what is 31122013312 + -2?
31122013310
In base 7, what is -25 + -32430?
-32455
In base 9, what is 715